3*i - 2*k - 5585 = 0. Is i prime?
False
Let h(x) = -6*x**2 + 5*x + 10. Let r(y) = -12*y**2 + 9*y + 19. Let t(g) = -11*h(g) + 6*r(g). Let v(f) be the first derivative of t(f). Is v(-11) composite?
False
Let y = -70 - -37. Let t(j) = 8*j - 12. Let r be t(8). Let x = y + r. Is x prime?
True
Suppose 5*j - 1 = 9. Let k(n) = -8 - n - 6*n + n**j + 19. Is k(8) a prime number?
True
Let p = 583 - 320. Is p a prime number?
True
Suppose -14 + 89 = 5*n. Let t = 28 - n. Suppose 5*p + t = 6*p. Is p composite?
False
Let j(o) = 5*o - 9. Is j(3) composite?
True
Let f(q) be the second derivative of -q**5/10 - 2*q**4/3 + q**3 + 5*q**2/2 - 2*q. Let b = 9 + -16. Is f(b) a prime number?
True
Let g(q) = q**3 + 27*q**2 + 4*q + 27. Is g(-11) composite?
True
Let f be (-1 + 0)/((-1)/9). Let s(q) = -7*q**2 + 24*q + 20. Let z(j) = 4*j**2 - 12*j - 10. Let t(d) = 3*s(d) + 5*z(d). Is t(f) composite?
False
Is (-3 - -4)/(4/15956) a prime number?
True
Let a be (-6 + -2 + 1)*-23. Let m(t) = t - 2. Let u be m(4). Suppose u*v + 155 = 3*f - 0*v, -a = -3*f - v. Is f a prime number?
True
Let l = -3 - -5. Let j be 8/(-6)*1*(-6 + -141). Suppose -j = -l*r - 2*r. Is r prime?
False
Suppose 0 = -5*t - 56 - 249. Let g = 94 + t. Is g composite?
True
Suppose 0*m = 4*m - 48. Suppose 0*d - 4*d = 2*p - m, 0 = 3*d - 4*p - 9. Is (-6)/9 - (-65)/d a prime number?
False
Suppose -4*g + g + 27 = 0. Let s be 3/g + (-32)/6. Let k = 8 + s. Is k a composite number?
False
Let s = -2168 + 3089. Is s a prime number?
False
Suppose 0 = -3*a + 9, -2*x + a + 2*a + 2673 = 0. Let l = -528 + x. Is l composite?
True
Suppose 2*j + 545 = -3*j. Let x = j - -76. Let k = x - -46. Is k a composite number?
False
Let k = -12 - 6. Let v be (k*2)/1 + 1. Let f = -2 - v. Is f a composite number?
True
Let b = 438 - 204. Let n = b - 88. Suppose u = -3*d + n, 2*u - 2*d - 242 - 10 = 0. Is u a composite number?
False
Let r be (-14)/(-63) + 94/(-18). Let u = r - -10. Suppose -u*s = -2*s - 138. Is s a prime number?
False
Suppose 0*p = 5*p. Suppose p*m + 5*m - 165 = 0. Is 1 + m + (8 - 5) a composite number?
False
Suppose -t - 136 = -f, f - 3*f - t = -257. Is f a composite number?
False
Suppose 4*l - 2*l - 8 = 0. Suppose -2 = f, 3*s - l*f - 152 = -s. Suppose -m + 11 = g, s = 2*g + 5*m + 14. Is g a prime number?
True
Let f(m) = -2*m**3 - 6*m**2 + 2*m + 1. Suppose 0 = 5*s - 4*s + 1. Let c be 3 + s + -8*1. Is f(c) prime?
False
Suppose 2*u - 138 = 976. Is u a prime number?
True
Suppose -19 - 93 = 4*j. Let d = 391 - j. Is d a composite number?
False
Suppose 0 = -2*s - 4*b + 614, -5*b + 168 + 151 = s. Is s a prime number?
False
Let v = 16 + -22. Is (v/9)/(6/(-1719)) a prime number?
True
Suppose h + f - 4 = -0*f, 3*h + 5*f - 16 = 0. Suppose -h*j = s - 424, -4*j + s = -7*j + 635. Is j a prime number?
True
Is ((-1)/1)/(10/(-30)) a composite number?
False
Let m be 5*1*12/15. Let d = -7 + 10. Suppose a = -d*b + m*b - 16, 85 = 5*b - 4*a. Is b composite?
True
Suppose -n - 2*g + 4199 = 0, 9*g - 4*g + 5 = 0. Is n a prime number?
True
Suppose 4*l + 2 = 10. Let h(z) = -1 + l*z + 9*z**2 - 2*z**2 + 7*z**2. Is h(2) prime?
True
Let s(c) = c**3 - c**2 - 2*c - 16. Is s(5) prime?
False
Suppose 12*q = 17*q. Suppose q = 2*d - 3*d + 379. Is d a prime number?
True
Suppose 2*g = -0*g + 3802. Is g a prime number?
True
Suppose 0*i - 40947 = -3*i. Is i a composite number?
False
Suppose -5*u + 7682 = 277. Is u composite?
False
Is 76/(-114) - ((-77900)/(-6))/(-2) prime?
True
Suppose o - 3*x = 31, -2*o + 20 + 17 = -x. Suppose -5*k - o = -1031. Is k a prime number?
False
Suppose 17 + 38 = 5*i. Suppose 1 = 3*d - i. Suppose z + 20 = -0*h + d*h, -5*h - 4*z = -46. Is h composite?
True
Let d = -1 + 10. Suppose q = 4*q - d. Suppose -7*w + q*w + u = -51, w = -5*u + 39. Is w a composite number?
True
Let j be (-71)/(1 - 2) - -1. Suppose 5*l - 63 = j. Let m = 8 + l. Is m a prime number?
False
Let v(b) = -b - 8. Let x be v(-7). Let o be ((-18)/8)/(x/60). Let m = -76 + o. Is m a composite number?
False
Let k = -7 + 7. Suppose k = 3*j - 6*j + 141. Is j composite?
False
Suppose 4*o + 28 + 30 = -u, 5*u = 5*o + 85. Let c be (10/o)/((-2)/396). Suppose -c = -3*z - 21. Is z prime?
True
Let u = -239 + 546. Is u prime?
True
Let l(o) = o**2 - 2*o - 10. Let b be l(-10). Let p be b*(2 + (-1 - -1)). Let g = -151 + p. Is g prime?
False
Let n be 4 - (1/1 + 1). Suppose -2*z - 3*c = -c + n, 5*c = 4*z - 5. Suppose f - 34 - 5 = z. Is f a prime number?
False
Suppose -5*d + 4*d = -4. Suppose 5*l - 1219 + 402 = -4*b, -656 = -4*l - d*b. Is l prime?
False
Let x be 5*1*(-6)/(-15). Suppose 2*b - 2*s - x = -0, -2 = 2*b + 2*s. Suppose -3*v + v + 42 = b. Is v prime?
False
Let d(t) = 56*t + 11. Is d(7) composite?
True
Suppose -2*f = m - 8 - 3, -2*m + 10 = 0. Suppose -f*r = -2*p + 220 + 78, p + 3*r - 131 = 0. Is p a prime number?
False
Suppose 4*v - m = v - 21, -2*v - 3*m = 3. Is 1*4/v*-33 prime?
False
Suppose 857 = -5*s + 2*n + 2437, n + 631 = 2*s. Suppose 2*k + 2*z - 164 = -z, 4*k + z - s = 0. Is k a prime number?
True
Let q = -1138 + 1923. Is q a composite number?
True
Suppose -16*f = -19*f + 12681. Is f a prime number?
False
Let n(u) = 1280*u + 5. Is n(3) a prime number?
False
Let w(a) = -a**3 - 8*a**2 - a - 2. Let s be w(-8). Is s/15 + (-633)/(-5) prime?
True
Suppose 4*b + b - 999 = u, 0 = 2*u + 8. Is b a prime number?
True
Let r(d) = 108*d**2 - 12*d - 11. Is r(8) a composite number?
True
Let q(w) = w**3 - w**2 - 3*w - 8. Let p(h) = -h**2 + 6*h - 1. Let f be p(4). Let i be q(f). Suppose 3*z = 8*z - i. Is z a composite number?
False
Let s = 23 - 21. Suppose 3*f - 254 = -a, 0*f = s*f + a - 171. Is f prime?
True
Let k = 34 - 24. Is 1494/k + (-4)/10 composite?
False
Let a = 1318 - 515. Is a a prime number?
False
Let u = 6 + 2. Let r(l) = 2*l**2 + 3*l + 11. Is r(u) composite?
False
Let u = -301 - -632. Is u prime?
True
Is (-4)/10 - (-10231)/65 prime?
True
Suppose j = -5*g + 1429, -2*g - 2888 = -2*j + 3*g. Is j a prime number?
True
Let f(t) = 3*t**3 + t**2 + t - 1. Let n be f(1). Is (-438)/((-12)/n) - -3 a prime number?
True
Let i(j) = 66*j**3 - j**2 + 1. Let o be (-1 + 3 - 3)/(-1). Let z be i(o). Suppose 58 = 4*u - z. Is u a composite number?
False
Let t(g) = g - 1. Let v(n) = 56*n - 3. Let x(c) = 4*t(c) - v(c). Is x(-1) composite?
True
Let s(b) = -37*b - 6. Is s(-1) a composite number?
False
Suppose 0 = c - 2*c - 14. Let h be (-4)/c - (-78)/21. Suppose 126 = h*n - w, -3*n = 2*n - 2*w - 159. Is n a composite number?
False
Suppose 0 = -2*n + 2 + 2, 5*n - 186 = -2*c. Suppose -5*p = o - 2787, -p = 4*o - 477 - c. Is p composite?
False
Let m(a) = a**3 - 2*a + 6 - 2 - 8*a**2 + 0 - 7*a. Let p be m(11). Suppose 0 = 3*y - 179 - p. Is y a composite number?
False
Let w be (-8)/20 - 57/(-5). Suppose 0 = -3*t - t + y + w, -3*t = 2*y - 11. Suppose 4*q - t*q - 146 = -o, -4*o = 3*q - 441. Is q a prime number?
False
Let v(k) = -k - 17. Let x be v(-14). Is (2 - (-109 + x)) + -3 composite?
True
Let b = 2 - -3. Suppose -y + 44 = -b. Is y composite?
True
Suppose -9 + 3 = -2*d. Let f(c) be the third derivative of c**6/40 - c**5/30 - c**4/8 + c**3/2 - c**2. Is f(d) composite?
True
Let a = -339 - -57. Let d = 533 + a. Is d a composite number?
False
Let c(o) = -43*o**3 - 2*o**2 - 2*o + 1. Is c(-2) composite?
True
Let r = -122 + 205. Is r a composite number?
False
Suppose -2*z + 4946 = -5*s + s, -3*s = 2*z - 4946. Is z composite?
False
Let g = 13 - 8. Suppose -304 = -g*b - 3*t, -3*b + 10 = 4*t - 179. Is b a prime number?
True
Is 1/(1/(-4)) - -167 a composite number?
False
Let i be (-4 + 3)*(-5 - 0). Suppose -5*t + 35 = -i*q, -5*t + 7*t + 10 = -4*q. Suppose -3*g + t*j + 290 = 44, 4*j + 245 = 3*g. Is g a composite number?
False
Let m(w) = -4*w**3 - 5*w**2 - 2*w + 1. Let a(f) = -f**2 + 3*f + 6. Let n be a(5). Let i be m(n). Let b = i + -96. Is b composite?
False
Let f = -14 + 19. Suppose 3*p - 2*r - 401 = 0, -3*p = -2*r + f*r - 381. Is p prime?
True
Let p(j) = -68*j - 18*j - 4 - 14*j - 15*j. Is p(-3) prime?
False
Suppose -3*m + 3 = -3*l + 7*l, m - 2*l = 11. Is 94/m - 2/(-10) a prime number?
True
Suppose k - 37 = 30. Is k a prime number?
True
Suppose -4*f + f + 948 = 0. Suppose 79 = a - f. Suppose 6*m - m - a = 0. Is m composite?
False
Let y = -22 - -33. Let c = y + 26. Is c a composite number?
False
Is (-57016)/(-10) - (48/(-20))/(-4) comp